239. What is the units digit of j(-9)?
0
Let m(c) = c - 1. Let f be m(16). Suppose 0*u = f*u - 4965. What is the hundreds digit of u?
3
Suppose -2*q - 2*k + 5491 + 9329 = 0, 5*q = 4*k + 37023. What is the thousands digit of q?
7
What is the ten thousands digit of (21209 - 0) + (-5296)/(-662)?
2
Let p(s) = 11*s**2 + 184*s + 178. What is the units digit of p(-27)?
9
What is the ten thousands digit of ((-616)/288 + (-1)/9)/(13/(-156052))?
2
Suppose -5*z - 26 = -36. Let y be (z*3/(-12))/((-3)/12). Suppose -y*d = -51 + 21. What is the tens digit of d?
1
Suppose -1175 + 405 = -5*u. Suppose -2*j = -u - 82. Suppose 6*v - 698 = j. What is the hundreds digit of v?
1
Let x(c) be the second derivative of 15*c + 0 + 1/12*c**4 + 7/6*c**3 + 0*c**2. What is the tens digit of x(6)?
7
Suppose -203 = -8*t + 77. Suppose 7*f - 12*f = -t. What is the tens digit of 16 + 0 + 1 + (f - 7)?
1
Suppose 14*z - 177 = 6263. Let l = z - 328. What is the hundreds digit of l?
1
Let j be -1 - (-281)/2 - 38/(-76). Suppose -142*o + 1404 = -j*o. What is the units digit of o?
2
Suppose -61*y + 74151 = -58*y - 5*j, -4*y = 3*j - 98926. What is the units digit of y?
7
Suppose -3*k + 5*h + 19 = 0, 2*k - 5*h - 4 = 12. Suppose 0 = -k*r + 3, -3*s - r - 2 = -0*s. What is the units digit of s*(-119)/1 + 6/3?
1
Suppose -12*m - 2640 = -7668. What is the hundreds digit of m?
4
What is the tens digit of ((-120)/16*(79 - 19))/(3/(-162))?
0
Let f = -94 - -92. Let y be (-57)/((-5)/((-10)/f)). Suppose 58 = m - y. What is the units digit of m?
5
Suppose 0 = -48*h + 43*h + 392095. Let m be (-2)/4 - h/(-22). What is the tens digit of m/(-135)*10/(-3)?
8
Let l = 736 + 228. Let j = l - 599. What is the hundreds digit of j?
3
Suppose 4*k - 3*w + 4 = 3*k, -28 = -3*k - w. Suppose 10*o - k*o - 1072 = -3*d, 3*o - 1787 = -5*d. What is the hundreds digit of d?
3
Suppose -s - 25 = -5*k - 0*s, 3*s = 5*k - 25. Suppose k*v - 2*r - 16 = 16, -r = 4*v - 36. What is the units digit of ((-660)/v)/((-9)/12)?
0
Let w(c) = 11*c**3 - c**2 - 5*c + 3. Let p be -4 - 4/(4 + (-36)/8). What is the units digit of w(p)?
1
Let h(g) = 34*g - 335. Let q be h(10). Suppose -q*f - 5*c + 7500 = 0, -57*c = -53*c + 12. What is the thousands digit of f?
1
Let o = -66 + 68. Suppose o = -2*d + 3*d - 2*f, 0 = d + 4*f - 2. Suppose 3*z + 4*i = 91, 10*z - 138 = 6*z - d*i. What is the units digit of z?
7
Let s(x) = 2*x**2 - 2. Let p be s(2). Let a be 158/9 - 40/(-90). What is the tens digit of ((-400)/p)/((-6)/a)?
0
Let n(j) be the first derivative of -j**2/2 + 188*j + 102. Suppose 0 = 5*l - q - 1, -6*l - 4 = -l + 4*q. What is the tens digit of n(l)?
8
Suppose 0 = -c - 5. What is the hundreds digit of ((-18)/(-4))/(c/(-440))?
3
Let d = 23650 + 1142. What is the hundreds digit of d?
7
Let p(l) = l**3 - 26*l**2 - 43*l + 2692. What is the thousands digit of p(53)?
6
Suppose -9*z + 15 = -12. What is the tens digit of (108/24)/(z/394)?
9
Suppose 0 = 3*s + 5*c - 787, -s + 4*c + 250 = -35. Let b = s + -246. What is the tens digit of b?
2
Suppose u = 10*u + 27208 - 92881. What is the thousands digit of u?
7
Suppose 21*v = 16*v - 125. Let z be 2/(5/(v/(-5))). Suppose 5*s + 79 = z*o, 5*s = 5*o + 40 - 245. What is the tens digit of o?
4
Let a(n) = 2*n**2 - n**3 + 17*n**3 - 2*n - 5*n**2. Let w be a(-1). Let g = 36 - w. What is the tens digit of g?
5
Let l be -2 + (-9)/(-6) - (-4104)/16. What is the hundreds digit of 140832/l - 1/(2*4)?
5
Let d be (-12 - -37) + (-6)/(-2). Suppose 31*o - 123 = d*o. What is the units digit of (o/(-1))/(13 - 14)?
1
Let z(y) = 19*y**3 + 6*y**2 - 19*y - 6. Let x be z(11). What is the tens digit of x/33 + 44/242?
8
Let j be 171/6*(4/(-3))/(-1). Let b = j + -29. What is the tens digit of b/4*320/24?
3
Suppose -17*o + 128 = -25*o. What is the hundreds digit of (2/(-4))/(o/11328)?
3
Let d = -93095 - -149716. What is the hundreds digit of d?
6
Let n be ((-10)/(-15))/(2/6). Suppose -n*y + 3*o = -441, 223 = y - o + 2*o. Suppose 2*d = 84 + y. What is the units digit of d?
3
Let j = -224 - -384. Let n = 338 - j. What is the units digit of n?
8
Let o(u) = -u**2 - 89*u + 141. What is the hundreds digit of o(-43)?
1
Let n(k) = -2*k - 22. Let s be n(8). Let w(p) = -31*p + 2. What is the tens digit of w(s)?
8
Suppose -2*r - 212 = -254. Suppose m = -q + r, -5*q + 48 = 3*m - 7*q. What is the units digit of m?
8
What is the thousands digit of -1*1*(-38910 + -361)?
9
Suppose 0 = -2*v - 4*x + 10608, 15904 = 8*v - 5*v + 2*x. What is the tens digit of v?
0
Let c(u) = 2*u**3 - 6*u**2 - 14*u - 38. Let a(t) = -3*t**3 + 5*t**2 + 12*t + 39. Let z(q) = 3*a(q) + 4*c(q). What is the tens digit of z(-8)?
6
Suppose -l = -6*l - 75. Let r be l/(-6)*(-84)/(-10)*1. Let t(o) = o**2 - 21*o + 34. What is the units digit of t(r)?
4
Suppose 4*d - 5*q = -2, 6*d - 5*d = 5*q - 8. Suppose -4*w - d*u = -298, -2*w + 5*w - 227 = 2*u. What is the tens digit of w?
7
Let w = 3521 - -2768. Suppose -3*z - w = -22*z. What is the tens digit of z?
3
Suppose -4*c + 36 = 60, -y = 5*c - 6957. What is the thousands digit of y?
6
Suppose 28*o - 23*o = 3*x + 13719, 0 = o - 4*x - 2754. What is the units digit of o?
2
Let a(b) be the third derivative of 0 - 9/8*b**4 - 19*b**2 - 1/3*b**3 + 0*b. What is the hundreds digit of a(-4)?
1
Suppose 54 + 6 = 4*a. Suppose 18 = a*s - 12*s. Suppose 3*v = 9 - s. What is the units digit of v?
1
Let d(u) = 7*u + 61. Let t be d(-8). Let i be -2*(1 + 1)/(-2). Suppose -t*w = 0, i*r + 2*w = -0*w + 28. What is the tens digit of r?
1
Suppose -2*p - p + 21 = 0. Suppose 2*g - b = 100, -p - 5 = -3*b. Suppose -g = -2*x + 54. What is the units digit of x?
3
Let s = -2813 - -5699. Suppose -3534 = -6*b + s. What is the hundreds digit of b?
0
Suppose 4*n = 18 + 38. Suppose 19*k - 897 = -50*k. Let y = n - k. What is the units digit of y?
1
Suppose -4*y - 28 = 4*n, 3*y = -4*n + 2*n - 19. Suppose -20*h + 15*h = 0. What is the tens digit of (y - -96) + 2 - (h + 1)?
9
Suppose -c + 3*v + 0 = -7, c - 5*v - 9 = 0. Suppose 4 + 2 = 2*g. Suppose c*t - 5*b = -0*t + 157, 104 = g*t - b. What is the tens digit of t?
3
Let x be (-8)/12 - -1*62/3. Suppose 5*h - h = -x. What is the units digit of (-557)/(-5) - (h + 132/30)?
2
Suppose -5*t + 133 = -627. Let s be (6/15)/((7/160)/(-7)). Let y = s + t. What is the tens digit of y?
8
Let i(k) = -k + 79. Let a be i(-21). Let t = a + 52. What is the units digit of t?
2
Let f = -22700 + 38011. What is the ten thousands digit of f?
1
Let w be -18 - -316 - 1*-2. What is the units digit of (11/(-2))/((-10)/w)?
5
Let y = 44 + -51. Let h = y - -12. Suppose -q + h*b = 3*q - 427, 2*q - 212 = 4*b. What is the units digit of q?
8
Let j be (-32)/(-40) - (-27)/(-15). Let m be (-1 + -1)*j - (-127)/1. Suppose -t + m = -5*i, i - 82 = -4*t + 413. What is the tens digit of t?
2
Suppose -4*f + 2*n + 5 + 809 = 0, 0 = -5*f + 2*n + 1017. Suppose 3*v - 243 = 5*w, -2*v + w - 48 = -f. What is the units digit of v?
6
Let g = 7506 - 2436. What is the thousands digit of g?
5
Let t = -11464 - -25891. What is the tens digit of t?
2
Let g = -11 - -16. Suppose g*r + 2*t - 167 - 88 = 0, 3*t + 34 = r. Suppose -4*v + 44 = 4*l, -3*l - v + r = 12. What is the units digit of l?
3
Suppose -5*z - 7 = 153. Let o be (z/(-112))/((-1)/(-14)). Suppose 0 = -2*k - 2*a + 18, -2*a - 39 = -o*k - 7*a. What is the units digit of k?
6
Suppose 22*n + 296 = 18*n. Let c = -46 - n. Let g = c + -2. What is the units digit of g?
6
Suppose -5*o + 48 + 27 = 0. Suppose o*t - 9891 = -6*t. What is the hundreds digit of t?
4
Suppose -491*l + 5*r = -486*l - 252865, 2*r = 3*l - 151713. What is the units digit of l?
7
Let v = 21 + -22. Let p be 0/((v + -1)*1). Suppose 3*q - 60 - 54 = p. What is the tens digit of q?
3
Suppose -2*d + 0 = 2*c + 4, c - 4 = 2*d. Let w be d/(-2) + -3 + -7 + 7. What is the tens digit of (-207 + -1)/(w/(-2) + -2)?
0
Let g be (-210345)/255 + 2/(-17). Let p be 1/(-4) - g/20. Let r = p + -26. What is the tens digit of r?
1
What is the thousands digit of 7*12/(-126) - 34870/(-6)?
5
Let z be 2 + 6 - -1982 - 1. Suppose -s + 499 = -3*t, 4*s - 25*t = -20*t + z. What is the units digit of s?
6
Suppose -5*p + 96086 = 8*z, -38*p + z + 76817 = -34*p. What is the tens digit of p?
0
Let h = -264 + 267. Suppose -s - b = -1116, 3*s + h*b - 3352 = -b. What is the hundreds digit of s?
1
Let z(i) = -3*